pose 0 = -7*r + 5*r - 16. Let u be ((-60)/r)/5 - 100/(-8). Let z(l) = 7*l - 14. Let s be z(4). What is the greatest common factor of s and u?
14
Suppose -4*r = -5*i - 2*r + 9845, -1951 = -i + 4*r. What is the greatest common divisor of 73 and i?
73
Let g(p) = 7*p - 32. Let t be g(6). Suppose t*b - 7*b - 9 = 0. Suppose 4*k - 36 = -v, -b*k + 39 = 2*v - 6*k. What is the greatest common factor of 3 and v?
3
Let v be (3 - 2)/(2 + -3). Let g(m) = -7*m**3 - 2*m**2 + 1. Let o be g(v). Let i be ((-8)/(-14))/(84/98)*18. What is the highest common divisor of i and o?
6
Suppose 14*k + 5*k = -0*k + 1501. Calculate the greatest common factor of 12877 and k.
79
Let k be 45*((-12544)/70)/(-2). What is the highest common factor of 126 and k?
126
Suppose 3*g + 0*h - 4*h = 454, 0 = -5*g + 3*h + 742. Calculate the highest common divisor of 8 and g.
2
Let k(m) = -m**2 + 33*m - 16. Let h be k(31). Let r(q) = -2*q**2 + 5*q - 7. Let x be r(4). Let i = x + h. What is the highest common factor of i and 54?
27
Suppose 3*r + 5*w - 11792 = -1646, 3*r - 10194 = 3*w. What is the greatest common factor of r and 896?
64
Let r be (6 - 4) + 4 - 0. Suppose -r*b = -28*b + 5500. Calculate the greatest common factor of 150 and b.
50
Let g = -16648 + 16690. What is the highest common factor of 11354 and g?
14
Let x(a) = -15*a - 29. Let j be x(-5). Suppose -4*q + 150 = q - 4*v, -4*v - j = -q. What is the highest common factor of q and 208?
26
Suppose -5*t = 2*a + 8 + 11, 3*a + 2*t = -1. Suppose -4*w + 3*m = -0*m - 425, 318 = a*w - 2*m. Let o = -12 - -20. What is the greatest common factor of o and w?
8
Let w = -477 + 470. Let g(c) = c**3 + 9*c**2 - 5*c - 69. Let i be g(w). Let q = -6 + 14. Calculate the greatest common factor of i and q.
8
Let g be (2 + -234)*(11 - 23/2). What is the greatest common factor of g and 841?
29
Let l = -75 - -138. Let r = l + 22. Let y be ((-16)/(-8))/(280/68 + -4). Calculate the highest common factor of r and y.
17
Suppose 7*x - 845 - 1703 = 0. What is the greatest common factor of 1300 and x?
52
Let w be 4/(-24) - 246890/(-84). Suppose 15*i - 2836 = w. What is the greatest common factor of i and 35?
35
Let l be (-1362)/(-14) - 2/7. Suppose 3*q + g - 3*g = -143, 3*g = 2*q + l. Let b = q + 52. Calculate the highest common factor of b and 40.
5
Let x(k) = -k**3 + 9*k**2 - 3*k - 10. Let n be x(-2). Calculate the greatest common factor of n and 9000.
40
Let t = 71 + -69. Suppose 2*b + 4 = t*o + 2, -5*b + o - 9 = 0. Let k be (-3 + 1)*(13/b)/1. What is the highest common divisor of k and 91?
13
Let z(a) = 17*a**2 - 68*a + 33. Let w be z(7). What is the greatest common factor of w and 240?
30
Let v = 503 - 479. Suppose -68 = -4*l - 4*w, -3*l - v*w + 67 = -25*w. What is the greatest common factor of 777 and l?
21
Let l = -3746 - -3808. What is the highest common factor of 3286 and l?
62
Let g = -6265 + 8241. Calculate the greatest common factor of 228 and g.
76
Let b be (6016/(-2820))/(2/(-15)). Suppose -2*u - 3*q - 8 = 0, 4*u + 0*u - 5*q = 28. What is the greatest common divisor of u and b?
2
Let g be (3/(-2))/((-2)/(-12)). Let s = 8 - g. Suppose 4*m - 10042 = -4*m - 112*m + 4238. Calculate the highest common divisor of s and m.
17
Let v = 2216 - 2086. What is the highest common divisor of 30 and v?
10
Let x(t) be the first derivative of 5*t**2 + 8*t + 1. Let f be x(4). Let u(y) = -13*y - 72. Let o be u(-6). Calculate the greatest common divisor of f and o.
6
Suppose i + 70 = 4*b, -294*b + 298*b - 52 = -2*i. Let p(m) = m**2 - 3*m + 2. Let v be p(18). Calculate the greatest common factor of v and b.
16
Let m = -353 - -355. Suppose 60 = i - 4*k, -k = -m*i - 4*k + 120. Calculate the highest common factor of i and 12.
12
Let p(u) = 91*u + 21. Let y(a) = a**3 + 8*a - 21. Let o be y(2). Let m be p(o). Calculate the greatest common factor of m and 84.
42
Let s = 34 + -15. Let f = -16 + s. Suppose -4*c + 3*c = -f. Calculate the highest common factor of 24 and c.
3
Suppose -113 = -6*j + 31. Suppose -307 = -5*x - 2*l + 287, x - 123 = l. Calculate the highest common divisor of j and x.
24
Let d be (-5)/25*(-30)/(-8) - 79809/(-12). Calculate the highest common factor of d and 10.
10
Suppose 3*m + 596 = 7*m + 2*l, -2*m + 3*l + 314 = 0. Suppose -m = 3*h + 131. Let c = h - -174. Calculate the highest common divisor of 10 and c.
10
Let s = 89 - 74. Suppose -2*k - m + 33 = 0, 12*k + 60 = s*k + 5*m. Let b = 34 + -4. Calculate the highest common factor of k and b.
15
Suppose 0 = -2*l - i + 470, -8*l + 1185 = -3*l + 5*i. Let g = -229 + l. Calculate the highest common factor of 48 and g.
4
Let r = 84 - 140. Let w be 6/(-10) + r/(-10). Let y be (10 - (6 - -5))*-2. What is the greatest common divisor of y and w?
1
Suppose -63*o = 17*o - 10*o - 65660. Calculate the highest common divisor of 42 and o.
14
Let j = 66 + -29. Suppose 159*a - 63288 = 132*a. Let b be (a + -8)/8 - -4. What is the greatest common factor of j and b?
37
Suppose q = -4*k + 374, 2*k = -2*q + 460 + 312. Calculate the highest common factor of 1794 and q.
78
Let x(d) = 31*d + 465. Let y be x(-11). What is the greatest common factor of y and 806?
62
Suppose 0 = -33*n + 73*n + 200. Let u be 53 - (-5 + ((-25)/5)/n). Let a be (2 - -76)/2 + -1. What is the greatest common factor of u and a?
19
Let v be (21/14)/(3/4). Let a be (84/(-147))/(v/7). Let m be a/(95/25 - 4). Calculate the greatest common divisor of 2 and m.
2
Suppose -9*v = -2*v + 1862. Let a = v - -1291. Calculate the greatest common factor of 25 and a.
25
Suppose -80*j = 95*j - 18200. What is the greatest common divisor of j and 1208?
8
Suppose -7*j + 527 = -12. Suppose 2*m - j = -5*d - 8, 0 = -4*m + d + 83. Let c = 104 - 71. Calculate the greatest common divisor of m and c.
11
Let c(r) = 4*r**2 - 207*r + 2791. Let o be c(45). Calculate the highest common divisor of 8 and o.
8
Let m(c) = -c**3 - 22*c**2 - 19*c + 23. Let u be m(-21). Let q = 24 + u. Calculate the greatest common divisor of 45 and q.
5
Let s be (12/(-18)*-3)/(1 - 0). Suppose -5*c + 4*x + 572 = -0*c, 0 = -3*c - s*x + 330. Calculate the highest common divisor of 42 and c.
14
Suppose 5*n = 2*p + 23, -3*p - 2*p = 3*n + 11. Suppose n*v - 813 = -5*m, -167 = -m + 2*v - 7*v. Calculate the greatest common factor of m and 6.
6
Let m be (-1)/(-3) + (3203/(-7))/((-33)/77). What is the highest common divisor of m and 60?
12
Let l be (-4)/(-14) + (-2259)/(-7). Let n be 50609/2519 + 48/(-44). Calculate the highest common divisor of l and n.
19
Let i(c) = -18*c - 3. Let m be i(-1). Suppose 5*s + m + 126 = 2*j, 217 = 4*j + 3*s. Let d = j + -35. What is the highest common divisor of d and 207?
23
Let p(o) = o**2 - 11*o + 75. Let g be p(15). Let s = g + -123. Calculate the highest common factor of s and 108.
12
Suppose 5*s + 354 = d, 26*d = 21*d - 3*s + 1882. Calculate the highest common divisor of 286 and d.
22
Let a be 7/14 - 12/8. Let k be ((-120)/(-90))/(a/(-93)). Calculate the highest common factor of 31 and k.
31
Let u = -34 + 58. Suppose 0 = 4*j - 3*w - 850, -226 = -5*j + 2*w + 833. Let i be j - (-8)/4 - -3. What is the highest common divisor of u and i?
24
Let a be ((-10)/5)/1 - -6. Suppose a*x = -i - 16, -x - 5 = -0*x. Let m = 17 + i. Calculate the highest common divisor of m and 21.
21
Let k be ((-2)/3)/(16/(-5568)) + 2 + -3. What is the highest common factor of 672 and k?
21
Let x = 84 - 78. Suppose x*l - 3*l = -15, -r = -4*l - 26. Let j = 135 - 125. Calculate the greatest common factor of j and r.
2
Let d = 7966 - 7928. What is the greatest common factor of 6973 and d?
19
Let k = -1038 - -593. Let z = k - -665. Suppose 5*m - 3*i = 509, 3*m - 83 - z = i. Calculate the highest common divisor of m and 10.
10
Let s be -2*-2*(-10)/(-8). Suppose -s = c, -3*l - 4*c + 0 = -7. Suppose 4*u + 17 - 43 = -j, -3*j + 44 = -5*u. Calculate the greatest common divisor of j and l.
9
Suppose -3*r + 28 = 43. Let w be (23 - 13)*(-21)/r. What is the greatest common factor of 8 and w?
2
Let a(i) = -i**3 + 13*i**2 + 17*i - 17. Let n be a(15). Let l be 1*(1/(-2) - n/(-8)). Let k = l - -64. What is the highest common divisor of k and 37?
37
Suppose 0 = 19*l - 354 + 88. What is the greatest common divisor of 14 and l?
14
Let o(t) = 7*t - 6*t + 24 - 7*t + 32. Let l be o(5). Suppose 19*j = 17*j + l. Calculate the greatest comm